f)?
4
Let a = 312 - 200. Let j = 384 + a. What is the units digit of j?
6
Let p = 34 + -32. Suppose -t + 1 - p = 0, 1154 = 5*s - 4*t. What is the hundreds digit of s?
2
Suppose 35*b - 22*b - 6370 = 0. Suppose 2970 = 2*g - b. What is the thousands digit of g?
1
Suppose -266 - 394 = 5*b. Let y = b + 686. What is the units digit of y?
4
Let j(v) = -683*v + 5574. What is the tens digit of j(-21)?
1
Let w(l) = l**3 + 5*l**2 - 4*l - 17. Let t be w(-2). Suppose 0 = q + 4*y - 1429, t*y - 16 = -y. What is the units digit of q?
3
Let q(f) be the second derivative of f**2 + 0 + f + 1/3*f**3 + 1/12*f**4. What is the units digit of q(9)?
1
Let l(u) = 3974*u**2 - 19*u + 14. What is the tens digit of l(-2)?
4
Let k(i) = -13*i + 169. Let j(z) = z**2 - 10*z + 7. Let d be j(7). What is the tens digit of k(d)?
5
Let o = -2876 + 12125. What is the hundreds digit of o?
2
Let s(k) = -k**3 + 17*k**2 - 6*k + 58. Let j = 68 - 59. What is the hundreds digit of s(j)?
6
Suppose -3*r - 2*f = 241 - 1314, 1098 = 3*r - 3*f. What is the units digit of r?
1
Let n = -144621 + 211700. What is the thousands digit of n?
7
Let x(k) = 515*k + 7. Let v be x(-5). Let j = 3933 + v. What is the tens digit of j?
6
Let z be (-26)/(-8) + 75/100. Let q(m) = 62*m**2 + 7*m - 32. What is the tens digit of q(z)?
8
Let w(d) = 95*d - 1. Let l be w(-1). Suppose -5*r - 6 = 29. What is the units digit of l/r + (24/28)/3?
4
Let x = -28207 - -44455. What is the hundreds digit of x?
2
Let f(l) = -l**3 + 21*l**2 + 38*l + 28. Let t = -57 + 79. What is the hundreds digit of f(t)?
3
Let m = -24 + 26. Suppose -m*c = -5*k - 483 + 1709, -k = 3*c - 235. What is the units digit of k?
4
Suppose 0 = 66*n - 134566 - 627272. What is the thousands digit of n?
1
Let n(q) = -q**2 - 3*q - 8. Let l(x) = -x**2 - 3*x - 7. Let v(f) = -5*l(f) + 4*n(f). Let u be v(-3). What is the units digit of u*232/12 + -3?
5
What is the units digit of 2411/1 + (281 - 274)?
8
Let i(p) = 43*p**2 - 2*p - 71. Let v be i(-9). Let z = v + -2160. What is the thousands digit of z?
1
Suppose 119 - 17 = 2*k. Suppose 0 = 3*z + k - 18. What is the tens digit of 63 - -1 - (-14 - z)?
6
Let j be 8/(-12) - (-52)/6. Let q(m) = m**3 - 9*m**2 + 9*m + 2. Let g be q(j). Suppose 6*i - g*i = -952. What is the units digit of i?
8
Suppose -5*s - 59 = -3*x, x - 49 = -4*x - 4*s. Let t(u) = u - 10. Let a be t(x). What is the units digit of -128*((a - (5 - 0)) + 1)?
8
Let b(x) = -x**3 - 4*x**2 + 86*x - 2. What is the hundreds digit of b(-13)?
4
Suppose 5*j + 5*v = 240, -5*j - v + 255 = v. Suppose g = 212 - j. What is the tens digit of g?
5
Suppose 3*q + o = -235, -q - o - 4*o - 55 = 0. Let r = 104 - q. What is the hundreds digit of r?
1
Let s be -2*2/4 + 267. Suppose 2*x - s = 70. Suppose -3*p = -3*q - x, -2 - 13 = 3*q. What is the units digit of p?
1
Suppose q = -5*o + 3 - 1, 4*o = 5*q + 19. Let k(n) = 151*n**2 - 1. Let y be k(-1). What is the units digit of ((-72)/10)/(q/y*4)?
0
Let r(d) = d - 3. Let c be r(3). Let n be 0/(-7) - 1/(-1) - -145. Suppose -y + n - 11 = c. What is the tens digit of y?
3
Let z = 32 + 36. Let j = -9 - 40. Let l = z + j. What is the tens digit of l?
1
Let d(n) = 391*n + 230. What is the tens digit of d(7)?
6
Let v = -298 - -300. What is the tens digit of (-17 + 19)*519/v?
1
What is the hundreds digit of ((-22793)/(-46))/(2/112)?
7
Suppose -2*g + 3*q - 183 = 0, -5*g - 588 = -q - 98. Let w = g - -155. What is the hundreds digit of ((-60)/(-8))/(3/w)?
1
Let g(n) = 46*n**3 + n**2 + 3*n - 1. Let l be g(2). Suppose 5*v = 133 + l. Suppose s = 4*s - v. What is the units digit of s?
4
Let l(z) = -3 + 2*z + 2*z**3 + 2 - 2. Let y = -16164 + 16166. What is the tens digit of l(y)?
1
Suppose -70 + 1154 = 4*g. Let z = 312 - 175. Suppose 0*f = -r + 2*f + z, -g = -2*r + 5*f. What is the units digit of r?
3
Let k = 2539 - -21212. What is the thousands digit of k?
3
Let z(v) = v + 10. Let x be z(0). Let s be (4/x)/(24/720). What is the units digit of 8074/132 - 2/s?
1
Let p = -3834 + 7021. What is the tens digit of p?
8
Suppose -45*q = 25*q - 229880. What is the thousands digit of q?
3
What is the tens digit of 6755 + (-12)/14 + -9 + 759/77?
5
Suppose -27776 = -21*m + 19*m. Suppose -5*o = -37*o + m. What is the hundreds digit of o?
4
Let n = -175 - 385. Suppose 0 = -5*v + v - 1460. Let c = v - n. What is the units digit of c?
5
Suppose -4 = -a - 0. Let d be (7/((-7)/2))/(-1). Suppose 174 = d*c + a*c. What is the units digit of c?
9
Let u = -9700 + 14856. What is the thousands digit of u?
5
Let d be (6 + 870/6)/(2 + -1). Let h = -148 + d. Suppose 0*r + r + 3 = 0, 3*l = h*r + 888. What is the units digit of l?
3
Suppose -3*y = 2*r - 4445, 4*r + 4263 = 4*y - 1657. Suppose 6*u = 6337 + y. What is the hundreds digit of u?
3
Let z = -30 + 33. Suppose z = -h + 6, -3*h - 11 = -5*t. Suppose 4 = 6*m - 4*m, -t*m = -5*p + 637. What is the tens digit of p?
2
Let m(n) = 8271*n**2 + 127*n + 325. What is the ten thousands digit of m(-3)?
7
Let k = 384 - 581. Let s = k + 276. What is the tens digit of s?
7
Let m be 0/(3*5/(-15)). Suppose -y - 4*o + 12 = m, -3*y + 8*y = -5*o + 105. What is the tens digit of y?
2
Let o = 10290 - 5816. What is the tens digit of o?
7
Let c(a) = -2*a**2 + 2*a - 7. Let m be c(5). Let o = -42 - m. Suppose -5*t - 388 = -o*r - t, -2*r + 3*t = -151. What is the tens digit of r?
8
Suppose 2*h - 50 = h. Let p = h - 47. Let f(j) = 19*j**2 - 5*j + 4. What is the tens digit of f(p)?
6
Let d = 31511 + -22091. What is the units digit of d?
0
Let y = 49808 - 10152. What is the hundreds digit of y?
6
Let c = -278 - -292. What is the tens digit of (2/(-3))/(c/(-11361))?
4
Suppose -3 = i - 4. Let z be (-49)/28*(i - 9). Suppose z + 336 = 5*f. What is the tens digit of f?
7
Let l(z) be the first derivative of z**4/4 - 8*z**3/3 + 4*z**2 + 11*z + 9. What is the tens digit of l(11)?
6
Let l = 350 - 352. Let g(j) = 193*j**2 + 3. What is the hundreds digit of g(l)?
7
Suppose 2*u - 990 = -246. Let g be (-1)/((2/1)/u). What is the tens digit of (g/(-3) + -1)/(3 + -2)?
6
Let c be (-120)/(-35)*39 - (-4)/14. Let u be (-4)/(-12) + (-2)/6. Suppose 7*k - 3*k - 12 = 0, u = s + 2*k - c. What is the hundreds digit of s?
1
Let z be (-37092)/(4 + -2) + 6/(-3). What is the units digit of z/(-25) + (-12)/(-150)?
2
Suppose 2*y - 6*a - 18 = -2*a, 4*a = -2*y + 18. Let b be (-2)/y - ((-81048)/(-54))/(-4). Suppose -5*f + b = q, -f - 1 = q - 80. What is the tens digit of f?
7
Let d be 21*(11 + -12)*115/3. Let r = 1288 + d. What is the hundreds digit of r?
4
Let v(s) = 3*s**3 - 2*s**2 - 6*s + 9. Let o be (12/15)/((-2)/(-5)). Let g be v(o). Suppose -g*u + 84 = -11*u. What is the units digit of u?
2
Let i = -96 + 152. Let n(a) = i + 57 - 119 - 8*a**2 - a**3 - 10*a. What is the hundreds digit of n(-9)?
1
What is the hundreds digit of 28933 - (3/3 - (21 - 14))?
9
Let g = 26 - 16. Let i(f) = -6*f - 88. Let t be i(-29). Suppose -g = s - t. What is the tens digit of s?
7
Suppose -5*f - 5*a + 1895 = 0, 0 = f - 0*f + 2*a - 380. Let y = f + -265. Let k = y - 63. What is the units digit of k?
0
Suppose 0 = 2*z + 3*z - 1750. Let r be ((-30)/(-9))/5 + 2256/(-9). Let b = r + z. What is the units digit of b?
0
Suppose -2*s + b - 5681 = -4*s, -4 = -4*b. Suppose -w - s = -5*w. Suppose 6*n - w = n. What is the tens digit of n?
4
Let p = -21 - -11. Let g be (p + 11)/((-1)/7). Let o(u) = -2*u**3 - 9*u**2 + 8*u - 14. What is the hundreds digit of o(g)?
1
Let q = 4571 - 3037. Let c = q - 413. What is the units digit of c?
1
Let x = 105 + -640. Let q = x - -1378. What is the tens digit of q?
4
Let d(m) = -182*m + 2. Let u(n) = -2*n + 4. Let s(f) = -d(f) + 3*u(f). What is the tens digit of s(6)?
6
Let q(s) = -750*s - 3759. Let f be q(-5). Let z(i) = 6*i - 12 - 23*i - i. What is the hundreds digit of z(f)?
1
Suppose -3*n + 3*j - 48 = -5*n, 0 = -3*j - 12. Suppose 0 = -2*i - 24 + n. Suppose -5*q + 0*a + 496 = 4*a, 0 = -i*q + 2*a + 302. What is the units digit of q?
0
Let r(b) be the first derivative of -23*b**2/2 - 15*b - 100. Let y be -5 + 2/(4/(-2)). What is the tens digit of r(y)?
2
Let m be ((-6)/4)/((-24)/(-32)). Let t be 1/((-12)/(-148)) + m/6. Suppose -t = 4*x, p - 3*x - 24 = 84. What is the tens digit of p?
9
Suppose 90*m + 188685 = 99*m. What is the units digit of m?
5
Let a(s) = -4*s**2 - 4*s + 8. Let